CRAN Package Check Results for Package erer

Last updated on 2021-09-22 06:48:24 CEST.

Flavor Version Tinstall Tcheck Ttotal Status Flags
r-devel-linux-x86_64-debian-clang 3.0 14.11 110.60 124.71 OK
r-devel-linux-x86_64-debian-gcc 3.0 11.39 81.97 93.36 OK
r-devel-linux-x86_64-fedora-clang 3.0 156.62 OK
r-devel-linux-x86_64-fedora-gcc 3.0 141.38 OK
r-devel-windows-x86_64 3.0 17.00 98.00 115.00 OK
r-devel-windows-x86_64-gcc10-UCRT 3.0 ERROR
r-patched-linux-x86_64 3.0 20.28 102.62 122.90 OK
r-patched-solaris-x86 3.0 212.60 OK
r-release-linux-x86_64 3.0 13.63 103.96 117.59 OK
r-release-macos-arm64 3.0 OK
r-release-macos-x86_64 3.0 OK
r-release-windows-ix86+x86_64 3.0 30.00 100.00 130.00 OK
r-oldrel-macos-x86_64 3.0 OK
r-oldrel-windows-ix86+x86_64 3.0 30.00 107.00 137.00 OK

Check Details

Version: 3.0
Check: PDF version of manual
Result: WARN
    LaTeX errors when creating PDF version.
    This typically indicates Rd problems.
Flavor: r-devel-windows-x86_64-gcc10-UCRT

Version: 3.0
Check: PDF version of manual without hyperrefs or index
Result: ERROR
    Re-running with no redirection of stdout/stderr.
Flavor: r-devel-windows-x86_64-gcc10-UCRT