CRAN Package Check Results for Package etm

Last updated on 2021-09-21 06:48:21 CEST.

Flavor Version Tinstall Tcheck Ttotal Status Flags
r-devel-linux-x86_64-debian-clang 1.1.1 72.26 131.89 204.15 OK
r-devel-linux-x86_64-debian-gcc 1.1.1 52.00 96.43 148.43 OK
r-devel-linux-x86_64-fedora-clang 1.1.1 258.24 OK
r-devel-linux-x86_64-fedora-gcc 1.1.1 239.15 OK
r-devel-windows-x86_64 1.1.1 66.00 124.00 190.00 OK
r-devel-windows-x86_64-gcc10-UCRT 1.1.1 ERROR
r-patched-linux-x86_64 1.1.1 63.88 123.66 187.54 OK
r-patched-solaris-x86 1.1.1 273.10 OK
r-release-linux-x86_64 1.1.1 59.42 121.32 180.74 OK
r-release-macos-arm64 1.1.1 OK
r-release-macos-x86_64 1.1.1 OK
r-release-windows-ix86+x86_64 1.1.1 166.00 163.00 329.00 OK
r-oldrel-macos-x86_64 1.1.1 OK
r-oldrel-windows-ix86+x86_64 1.1.1 162.00 180.00 342.00 OK

Check Details

Version: 1.1.1
Check: whether package can be installed
Result: ERROR
    Installation failed.
Flavor: r-devel-windows-x86_64-gcc10-UCRT