CRAN Package Check Results for Package eventr

Last updated on 2021-09-26 06:49:06 CEST.

Flavor Version Tinstall Tcheck Ttotal Status Flags
r-devel-linux-x86_64-debian-clang 1.0.0 4.01 41.97 45.98 NOTE
r-devel-linux-x86_64-debian-gcc 1.0.0 3.42 32.36 35.78 NOTE
r-devel-linux-x86_64-fedora-clang 1.0.0 63.91 NOTE
r-devel-linux-x86_64-fedora-gcc 1.0.0 51.11 NOTE
r-devel-windows-x86_64 1.0.0 6.00 43.00 49.00 NOTE
r-devel-windows-x86_64-gcc10-UCRT 1.0.0 NOTE
r-patched-linux-x86_64 1.0.0 3.15 39.90 43.05 NOTE
r-patched-solaris-x86 1.0.0 75.10 NOTE
r-release-linux-x86_64 1.0.0 4.37 38.95 43.32 NOTE
r-release-macos-arm64 1.0.0 NOTE
r-release-macos-x86_64 1.0.0 NOTE
r-release-windows-ix86+x86_64 1.0.0 10.00 42.00 52.00 NOTE
r-oldrel-macos-x86_64 1.0.0 OK
r-oldrel-windows-ix86+x86_64 1.0.0 10.00 41.00 51.00 OK

Check Details

Version: 1.0.0
Check: LazyData
Result: NOTE
     'LazyData' is specified without a 'data' directory
Flavors: r-devel-linux-x86_64-debian-clang, r-devel-linux-x86_64-debian-gcc, r-devel-linux-x86_64-fedora-clang, r-devel-linux-x86_64-fedora-gcc, r-devel-windows-x86_64, r-devel-windows-x86_64-gcc10-UCRT, r-patched-linux-x86_64, r-patched-solaris-x86, r-release-linux-x86_64, r-release-macos-arm64, r-release-macos-x86_64, r-release-windows-ix86+x86_64