Last updated on 2023-02-04 00:50:48 CET.
Flavor | Version | Tinstall | Tcheck | Ttotal | Status | Flags |
---|---|---|---|---|---|---|
r-devel-linux-x86_64-debian-clang | 0.8.10 | 17.21 | 220.43 | 237.64 | NOTE | |
r-devel-linux-x86_64-debian-gcc | 0.8.10 | 12.64 | 161.55 | 174.19 | NOTE | |
r-devel-linux-x86_64-fedora-clang | 0.8.10 | 301.32 | NOTE | |||
r-devel-linux-x86_64-fedora-gcc | 0.8.10 | 301.17 | NOTE | |||
r-patched-linux-x86_64 | 0.8.10 | 16.89 | 210.79 | 227.68 | OK | |
r-release-linux-x86_64 | 0.8.10 | 16.47 | 211.66 | 228.13 | OK | |
r-release-macos-arm64 | 0.8.10 | 80.00 | OK | |||
r-release-macos-x86_64 | 0.8.10 | 132.00 | OK | |||
r-release-windows-x86_64 | 0.8.10 | 34.00 | 275.00 | 309.00 | OK | |
r-oldrel-macos-arm64 | 0.8.10 | 90.00 | OK | |||
r-oldrel-macos-x86_64 | 0.8.10 | 153.00 | OK | |||
r-oldrel-windows-ix86+x86_64 | 0.8.10 | 37.00 | 240.00 | 277.00 | OK |
Version: 0.8.10
Check: Rd files
Result: NOTE
checkRd: (-1) Snoring.Rd:21: Escaped LaTeX specials: \&
Flavors: r-devel-linux-x86_64-debian-clang, r-devel-linux-x86_64-debian-gcc, r-devel-linux-x86_64-fedora-clang, r-devel-linux-x86_64-fedora-gcc