CRAN Package Check Results for Package exifr

Last updated on 2021-09-17 06:48:43 CEST.

Flavor Version Tinstall Tcheck Ttotal Status Flags
r-devel-linux-x86_64-debian-clang 0.3.2 2.76 64.43 67.19 NOTE
r-devel-linux-x86_64-debian-gcc 0.3.2 2.35 47.24 49.59 NOTE
r-devel-linux-x86_64-fedora-clang 0.3.2 94.07 NOTE
r-devel-linux-x86_64-fedora-gcc 0.3.2 80.29 NOTE
r-devel-windows-x86_64 0.3.2 5.00 111.00 116.00 NOTE
r-devel-windows-x86_64-gcc10-UCRT 0.3.2 NOTE
r-patched-linux-x86_64 0.3.2 3.04 63.93 66.97 NOTE
r-patched-solaris-x86 0.3.2 112.50 NOTE
r-release-linux-x86_64 0.3.2 2.93 62.57 65.50 NOTE
r-release-macos-arm64 0.3.2 NOTE
r-release-macos-x86_64 0.3.2 NOTE
r-release-windows-ix86+x86_64 0.3.2 10.00 86.00 96.00 NOTE
r-oldrel-macos-x86_64 0.3.2 NOTE
r-oldrel-windows-ix86+x86_64 0.3.2 8.00 108.00 116.00 OK

Check Details

Version: 0.3.2
Check: LazyData
Result: NOTE
     'LazyData' is specified without a 'data' directory
Flavors: r-devel-linux-x86_64-debian-clang, r-devel-linux-x86_64-debian-gcc, r-devel-linux-x86_64-fedora-clang, r-devel-linux-x86_64-fedora-gcc, r-devel-windows-x86_64, r-devel-windows-x86_64-gcc10-UCRT, r-patched-linux-x86_64, r-patched-solaris-x86, r-release-linux-x86_64, r-release-macos-arm64, r-release-macos-x86_64, r-release-windows-ix86+x86_64

Version: 0.3.2
Check: installed package size
Result: NOTE
     installed size is 15.6Mb
     sub-directories of 1Mb or more:
     exiftool 15.5Mb
Flavors: r-patched-solaris-x86, r-release-macos-arm64, r-release-macos-x86_64, r-oldrel-macos-x86_64