CRAN Package Check Results for Package extendedFamily

Last updated on 2021-11-27 08:50:36 CET.

Flavor Version Tinstall Tcheck Ttotal Status Flags
r-devel-linux-x86_64-debian-clang 0.2.1 OK
r-devel-linux-x86_64-debian-gcc 0.2.1 1.63 17.95 19.58 OK
r-devel-linux-x86_64-fedora-clang 0.2.1 40.90 NOTE
r-devel-linux-x86_64-fedora-gcc 0.2.1 29.99 NOTE
r-devel-windows-x86_64-new-UL 0.2.1 7.00 56.00 63.00 OK
r-devel-windows-x86_64-new-TK 0.2.1 NOTE
r-devel-windows-x86_64-old 0.2.1 4.00 41.00 45.00 OK
r-patched-linux-x86_64 0.2.1 2.01 21.76 23.77 OK
r-patched-solaris-x86 0.2.1 47.50 NOTE
r-release-linux-x86_64 0.2.1 OK
r-release-macos-arm64 0.2.1 NOTE
r-release-macos-x86_64 0.2.1 NOTE
r-release-windows-ix86+x86_64 0.2.1 5.00 29.00 34.00 OK
r-oldrel-macos-x86_64 0.2.1 NOTE
r-oldrel-windows-ix86+x86_64 0.2.1 4.00 43.00 47.00 OK

Check Details

Version: 0.2.1
Check: dependencies in R code
Result: NOTE
    Namespace in Imports field not imported from: ‘numDeriv’
     All declared Imports should be used.
Flavors: r-devel-linux-x86_64-fedora-clang, r-devel-linux-x86_64-fedora-gcc, r-devel-windows-x86_64-new-TK, r-patched-solaris-x86, r-release-macos-arm64, r-release-macos-x86_64, r-oldrel-macos-x86_64