CRAN Package Check Results for Package extrafont

Last updated on 2021-09-21 06:48:21 CEST.

Flavor Version Tinstall Tcheck Ttotal Status Flags
r-devel-linux-x86_64-debian-clang 0.17 2.55 22.93 25.48 NOTE
r-devel-linux-x86_64-debian-gcc 0.17 1.64 18.28 19.92 NOTE
r-devel-linux-x86_64-fedora-clang 0.17 39.75 NOTE
r-devel-linux-x86_64-fedora-gcc 0.17 29.23 NOTE
r-devel-windows-x86_64 0.17 3.00 32.00 35.00 NOTE
r-devel-windows-x86_64-gcc10-UCRT 0.17 ERROR
r-patched-linux-x86_64 0.17 2.66 22.42 25.08 NOTE
r-patched-solaris-x86 0.17 44.10 NOTE
r-release-linux-x86_64 0.17 2.18 22.40 24.58 NOTE
r-release-macos-arm64 0.17 NOTE
r-release-macos-x86_64 0.17 NOTE
r-release-windows-ix86+x86_64 0.17 5.00 30.00 35.00 NOTE
r-oldrel-macos-x86_64 0.17 NOTE
r-oldrel-windows-ix86+x86_64 0.17 4.00 49.00 53.00 NOTE

Check Details

Version: 0.17
Check: R code for possible problems
Result: NOTE
    font_install: no visible global function definition for
     'installed.packages'
    font_install: no visible global function definition for
     'install.packages'
    fonttable_add: no visible global function definition for 'write.csv'
    Undefined global functions or variables:
     install.packages installed.packages write.csv
    Consider adding
     importFrom("utils", "install.packages", "installed.packages",
     "write.csv")
    to your NAMESPACE file.
Flavors: r-devel-linux-x86_64-debian-clang, r-devel-linux-x86_64-debian-gcc, r-devel-linux-x86_64-fedora-clang, r-devel-linux-x86_64-fedora-gcc, r-devel-windows-x86_64, r-devel-windows-x86_64-gcc10-UCRT, r-patched-linux-x86_64, r-patched-solaris-x86, r-release-linux-x86_64, r-release-macos-arm64, r-release-macos-x86_64, r-release-windows-ix86+x86_64, r-oldrel-macos-x86_64, r-oldrel-windows-ix86+x86_64

Version: 0.17
Check: whether package can be installed
Result: WARN
    Found the following significant warnings:
     WARNING: installation-time patches will not be applied, could not get the patches index
Flavor: r-devel-windows-x86_64-gcc10-UCRT

Version: 0.17
Check: PDF version of manual
Result: WARN
    LaTeX errors when creating PDF version.
    This typically indicates Rd problems.
Flavor: r-devel-windows-x86_64-gcc10-UCRT

Version: 0.17
Check: PDF version of manual without hyperrefs or index
Result: ERROR
    Re-running with no redirection of stdout/stderr.
Flavor: r-devel-windows-x86_64-gcc10-UCRT