CRAN Package Check Results for Package eye

Last updated on 2021-09-22 06:48:25 CEST.

Flavor Version Tinstall Tcheck Ttotal Status Flags
r-devel-linux-x86_64-debian-clang 1.2.1 8.61 94.92 103.53 OK
r-devel-linux-x86_64-debian-gcc 1.2.1 6.33 69.96 76.29 OK
r-devel-linux-x86_64-fedora-clang 1.2.1 126.67 OK
r-devel-linux-x86_64-fedora-gcc 1.2.1 118.04 OK
r-devel-windows-x86_64 1.2.1 8.00 88.00 96.00 OK
r-devel-windows-x86_64-gcc10-UCRT 1.2.1 ERROR
r-patched-linux-x86_64 1.2.1 5.27 87.77 93.04 OK
r-patched-solaris-x86 1.2.1 144.10 OK
r-release-linux-x86_64 1.2.1 5.71 86.87 92.58 OK
r-release-macos-arm64 1.2.1 OK
r-release-macos-x86_64 1.2.1 OK
r-release-windows-ix86+x86_64 1.2.1 18.00 82.00 100.00 OK
r-oldrel-macos-x86_64 1.2.0 OK
r-oldrel-windows-ix86+x86_64 1.2.0 15.00 112.00 127.00 OK

Check Details

Version: 1.2.1
Check: PDF version of manual
Result: WARN
    LaTeX errors when creating PDF version.
    This typically indicates Rd problems.
Flavor: r-devel-windows-x86_64-gcc10-UCRT

Version: 1.2.1
Check: PDF version of manual without hyperrefs or index
Result: ERROR
    Re-running with no redirection of stdout/stderr.
Flavor: r-devel-windows-x86_64-gcc10-UCRT