CRAN Package Check Results for Package ezcox

Last updated on 2021-09-22 06:48:25 CEST.

Flavor Version Tinstall Tcheck Ttotal Status Flags
r-devel-linux-x86_64-debian-clang 1.0.0 10.27 131.55 141.82 OK
r-devel-linux-x86_64-debian-gcc 1.0.0 7.28 97.13 104.41 OK
r-devel-linux-x86_64-fedora-clang 1.0.0 170.43 OK
r-devel-linux-x86_64-fedora-gcc 1.0.0 159.41 OK
r-devel-windows-x86_64 1.0.0 11.00 129.00 140.00 OK
r-devel-windows-x86_64-gcc10-UCRT 1.0.0 ERROR
r-patched-linux-x86_64 1.0.0 10.12 128.70 138.82 OK
r-patched-solaris-x86 1.0.0 198.60 OK
r-release-linux-x86_64 1.0.0 8.67 129.73 138.40 OK
r-release-macos-arm64 1.0.0 OK
r-release-macos-x86_64 1.0.0 OK
r-release-windows-ix86+x86_64 1.0.0 23.00 149.00 172.00 OK
r-oldrel-macos-x86_64 1.0.0 OK
r-oldrel-windows-ix86+x86_64 1.0.0 26.00 188.00 214.00 OK

Check Details

Version: 1.0.0
Check: package dependencies
Result: NOTE
    Package suggested but not available for checking: 'roxygen2'
Flavor: r-devel-windows-x86_64-gcc10-UCRT

Version: 1.0.0
Check: PDF version of manual
Result: WARN
    LaTeX errors when creating PDF version.
    This typically indicates Rd problems.
Flavor: r-devel-windows-x86_64-gcc10-UCRT

Version: 1.0.0
Check: PDF version of manual without hyperrefs or index
Result: ERROR
    Re-running with no redirection of stdout/stderr.
Flavor: r-devel-windows-x86_64-gcc10-UCRT