CRAN Package Check Results for Package fANCOVA

Last updated on 2021-09-20 07:50:31 CEST.

Flavor Version Tinstall Tcheck Ttotal Status Flags
r-devel-linux-x86_64-debian-clang 0.6-1 3.20 55.42 58.62 OK
r-devel-linux-x86_64-debian-gcc 0.6-1 2.73 41.30 44.03 OK
r-devel-linux-x86_64-fedora-clang 0.6-1 76.80 OK
r-devel-linux-x86_64-fedora-gcc 0.6-1 68.82 OK
r-devel-windows-x86_64 0.6-1 8.00 51.00 59.00 OK
r-devel-windows-x86_64-gcc10-UCRT 0.6-1 ERROR
r-patched-linux-x86_64 0.6-1 3.47 54.14 57.61 OK
r-patched-solaris-x86 0.6-1 91.90 OK
r-release-linux-x86_64 0.6-1 3.08 53.76 56.84 OK
r-release-macos-arm64 0.6-1 OK
r-release-macos-x86_64 0.6-1 OK
r-release-windows-ix86+x86_64 0.6-1 8.00 54.00 62.00 OK
r-oldrel-macos-x86_64 0.6-1 OK
r-oldrel-windows-ix86+x86_64 0.6-1 6.00 57.00 63.00 OK

Check Details

Version: 0.6-1
Check: whether package can be installed
Result: WARN
    Found the following significant warnings:
     WARNING: installation-time patches will not be applied, could not get the patches index
Flavor: r-devel-windows-x86_64-gcc10-UCRT

Version: 0.6-1
Check: PDF version of manual
Result: WARN
    LaTeX errors when creating PDF version.
    This typically indicates Rd problems.
Flavor: r-devel-windows-x86_64-gcc10-UCRT

Version: 0.6-1
Check: PDF version of manual without hyperrefs or index
Result: ERROR
    Re-running with no redirection of stdout/stderr.
Flavor: r-devel-windows-x86_64-gcc10-UCRT