CRAN Package Check Results for Package fExoticOptions

Last updated on 2021-09-17 06:48:43 CEST.

Flavor Version Tinstall Tcheck Ttotal Status Flags
r-devel-linux-x86_64-debian-clang 3042.80 11.50 71.69 83.19 NOTE
r-devel-linux-x86_64-debian-gcc 3042.80 7.77 53.61 61.38 NOTE
r-devel-linux-x86_64-fedora-clang 3042.80 107.64 NOTE
r-devel-linux-x86_64-fedora-gcc 3042.80 94.71 NOTE
r-devel-windows-x86_64 3042.80 11.00 88.00 99.00 NOTE
r-devel-windows-x86_64-gcc10-UCRT 3042.80 NOTE
r-patched-linux-x86_64 3042.80 9.69 70.75 80.44 NOTE
r-patched-solaris-x86 3042.80 123.00 NOTE
r-release-linux-x86_64 3042.80 10.78 68.56 79.34 NOTE
r-release-macos-arm64 3042.80 NOTE
r-release-macos-x86_64 3042.80 NOTE
r-release-windows-ix86+x86_64 3042.80 20.00 61.00 81.00 NOTE
r-oldrel-macos-x86_64 3042.80 OK
r-oldrel-windows-ix86+x86_64 3042.80 15.00 94.00 109.00 OK

Check Details

Version: 3042.80
Check: LazyData
Result: NOTE
     'LazyData' is specified without a 'data' directory
Flavors: r-devel-linux-x86_64-debian-clang, r-devel-linux-x86_64-debian-gcc, r-devel-linux-x86_64-fedora-clang, r-devel-linux-x86_64-fedora-gcc, r-devel-windows-x86_64, r-devel-windows-x86_64-gcc10-UCRT, r-patched-linux-x86_64, r-patched-solaris-x86, r-release-linux-x86_64, r-release-macos-arm64, r-release-macos-x86_64, r-release-windows-ix86+x86_64