CRAN Package Check Results for Package fame

Last updated on 2021-09-21 06:48:21 CEST.

Flavor Version Tinstall Tcheck Ttotal Status Flags
r-devel-linux-x86_64-debian-clang 2.21 4.04 28.45 32.49 WARN
r-devel-linux-x86_64-debian-gcc 2.21 3.35 22.11 25.46 WARN
r-devel-linux-x86_64-fedora-clang 2.21 49.79 NOTE
r-devel-linux-x86_64-fedora-gcc 2.21 38.69 NOTE
r-devel-windows-x86_64 2.21 7.00 37.00 44.00 NOTE
r-devel-windows-x86_64-gcc10-UCRT 2.21 ERROR
r-patched-linux-x86_64 2.21 4.08 27.88 31.96 WARN
r-patched-solaris-x86 2.21 55.90 NOTE
r-release-linux-x86_64 2.21 3.61 27.88 31.49 WARN
r-release-macos-arm64 2.21 NOTE
r-release-macos-x86_64 2.21 NOTE
r-release-windows-ix86+x86_64 2.21 11.00 44.00 55.00 NOTE
r-oldrel-macos-x86_64 2.21 NOTE
r-oldrel-windows-ix86+x86_64 2.21 12.00 42.00 54.00 NOTE

Check Details

Version: 2.21
Check: top-level files
Result: WARN
     Output from running autoreconf:
     configure.ac:14: warning: The macro `AC_HELP_STRING' is obsolete.
     configure.ac:14: You should run autoupdate.
     ./lib/autoconf/general.m4:204: AC_HELP_STRING is expanded from...
     configure.ac:14: the top level
Flavors: r-devel-linux-x86_64-debian-clang, r-devel-linux-x86_64-debian-gcc, r-patched-linux-x86_64, r-release-linux-x86_64

Version: 2.21
Check: R code for possible problems
Result: NOTE
    File 'fame/R/windows/zzz.R':
     .onLoad calls:
     packageStartupMessage("FAME environment variable not set; assuming ", defaultDir)
     packageStartupMessage("FAME directory ", fameDir, " not found.\n", "If you have FAME installed, specify it's location ", "via the FAME environment variable.\n", "Otherwise, this package is pretty useless.\n")
    
    See section 'Good practice' in '?.onAttach'.
Flavors: r-devel-linux-x86_64-debian-clang, r-devel-linux-x86_64-debian-gcc, r-devel-linux-x86_64-fedora-clang, r-devel-linux-x86_64-fedora-gcc, r-devel-windows-x86_64, r-patched-linux-x86_64, r-patched-solaris-x86, r-release-linux-x86_64, r-release-macos-arm64, r-release-macos-x86_64, r-release-windows-ix86+x86_64, r-oldrel-macos-x86_64, r-oldrel-windows-ix86+x86_64

Version: 2.21
Check: compiled code
Result: NOTE
    File ‘fame/libs/fame.so’:
     Found no calls to: ‘R_registerRoutines’, ‘R_useDynamicSymbols’
    
    It is good practice to register native routines and to disable symbol
    search.
    
    See ‘Writing portable packages’ in the ‘Writing R Extensions’ manual.
Flavors: r-devel-linux-x86_64-fedora-clang, r-devel-linux-x86_64-fedora-gcc

Version: 2.21
Check: whether package can be installed
Result: ERROR
    Installation failed.
Flavor: r-devel-windows-x86_64-gcc10-UCRT