CRAN Package Check Results for Package far

Last updated on 2021-10-27 04:00:08 CEST.

Flavor Version Tinstall Tcheck Ttotal Status Flags
r-devel-linux-x86_64-debian-clang 0.6-5 6.63 36.01 42.64 OK
r-devel-linux-x86_64-debian-gcc 0.6-5 4.87 27.68 32.55 OK
r-devel-linux-x86_64-fedora-clang 0.6-5 61.07 NOTE
r-devel-linux-x86_64-fedora-gcc 0.6-5 50.79 NOTE
r-devel-windows-x86_64 0.6-5 9.00 42.00 51.00 OK
r-devel-windows-x86_64-gcc10-UCRT 0.6-5 OK
r-patched-linux-x86_64 0.6-5 5.83 34.59 40.42 OK
r-patched-solaris-x86 0.6-5 75.20 OK
r-release-linux-x86_64 0.6-5 5.60 34.91 40.51 OK
r-release-macos-arm64 0.6-5 OK
r-release-macos-x86_64 0.6-5 OK
r-release-windows-ix86+x86_64 0.6-5 9.00 62.00 71.00 OK
r-oldrel-macos-x86_64 0.6-5 OK
r-oldrel-windows-ix86+x86_64 0.6-5 13.00 71.00 84.00 OK

Check Details

Version: 0.6-5
Check: compiled code
Result: NOTE
    File ‘far/libs/far.so’:
     Found no calls to: ‘R_registerRoutines’, ‘R_useDynamicSymbols’
    
    It is good practice to register native routines and to disable symbol
    search.
    
    See ‘Writing portable packages’ in the ‘Writing R Extensions’ manual.
Flavors: r-devel-linux-x86_64-fedora-clang, r-devel-linux-x86_64-fedora-gcc