CRAN Package Check Results for Package fastcox

Last updated on 2021-09-21 06:48:21 CEST.

Flavor Version Tinstall Tcheck Ttotal Status Flags
r-devel-linux-x86_64-debian-clang 1.1.3 8.91 63.52 72.43 OK
r-devel-linux-x86_64-debian-gcc 1.1.3 7.97 48.79 56.76 OK
r-devel-linux-x86_64-fedora-clang 1.1.3 95.70 OK
r-devel-linux-x86_64-fedora-gcc 1.1.3 86.25 OK
r-devel-windows-x86_64 1.1.3 16.00 67.00 83.00 OK
r-devel-windows-x86_64-gcc10-UCRT 1.1.3 ERROR
r-patched-linux-x86_64 1.1.3 7.72 60.48 68.20 OK
r-patched-solaris-x86 1.1.3 139.60 OK
r-release-linux-x86_64 1.1.3 9.50 61.28 70.78 OK
r-release-macos-arm64 1.1.3 OK
r-release-macos-x86_64 1.1.3 OK
r-release-windows-ix86+x86_64 1.1.3 28.00 92.00 120.00 OK
r-oldrel-macos-x86_64 1.1.3 OK
r-oldrel-windows-ix86+x86_64 1.1.3 27.00 85.00 112.00 OK

Check Details

Version: 1.1.3
Check: whether package can be installed
Result: ERROR
    Installation failed.
Flavor: r-devel-windows-x86_64-gcc10-UCRT