CRAN Package Check Results for Package fasterize

Last updated on 2021-10-22 12:59:13 CEST.

Flavor Version Tinstall Tcheck Ttotal Status Flags
r-devel-linux-x86_64-debian-clang 1.0.3 106.93 217.29 324.22 NOTE
r-devel-linux-x86_64-debian-gcc 1.0.3 82.89 161.10 243.99 NOTE
r-devel-linux-x86_64-fedora-clang 1.0.3 438.33 NOTE
r-devel-linux-x86_64-fedora-gcc 1.0.3 418.57 NOTE
r-devel-windows-x86_64 1.0.3 148.00 251.00 399.00 NOTE
r-devel-windows-x86_64-gcc10-UCRT 1.0.3 NOTE
r-patched-linux-x86_64 1.0.3 110.38 208.46 318.84 NOTE
r-patched-solaris-x86 1.0.3 261.30 NOTE
r-release-linux-x86_64 1.0.3 106.14 211.99 318.13 NOTE
r-release-macos-arm64 1.0.3 NOTE
r-release-macos-x86_64 1.0.3 NOTE
r-release-windows-ix86+x86_64 1.0.3 201.00 340.00 541.00 NOTE
r-oldrel-macos-x86_64 1.0.3 OK
r-oldrel-windows-ix86+x86_64 1.0.3 255.00 148.00 403.00 OK

Check Details

Version: 1.0.3
Check: LazyData
Result: NOTE
     'LazyData' is specified without a 'data' directory
Flavors: r-devel-linux-x86_64-debian-clang, r-devel-linux-x86_64-debian-gcc, r-devel-linux-x86_64-fedora-clang, r-devel-linux-x86_64-fedora-gcc, r-devel-windows-x86_64, r-devel-windows-x86_64-gcc10-UCRT, r-patched-linux-x86_64, r-patched-solaris-x86, r-release-linux-x86_64, r-release-macos-arm64, r-release-macos-x86_64, r-release-windows-ix86+x86_64