CRAN Package Check Results for Package fastglm

Last updated on 2021-09-17 06:48:43 CEST.

Flavor Version Tinstall Tcheck Ttotal Status Flags
r-devel-linux-x86_64-debian-clang 0.0.1 99.47 59.85 159.32 NOTE
r-devel-linux-x86_64-debian-gcc 0.0.1 82.90 50.33 133.23 NOTE
r-devel-linux-x86_64-fedora-clang 0.0.1 234.01 NOTE
r-devel-linux-x86_64-fedora-gcc 0.0.1 225.64 OK
r-devel-windows-x86_64 0.0.1 81.00 109.00 190.00 NOTE
r-devel-windows-x86_64-gcc10-UCRT 0.0.1 OK
r-patched-linux-x86_64 0.0.1 95.83 64.20 160.03 NOTE
r-patched-solaris-x86 0.0.1 335.00 OK
r-release-linux-x86_64 0.0.1 93.34 63.87 157.21 NOTE
r-release-macos-arm64 0.0.1 NOTE
r-release-macos-x86_64 0.0.1 NOTE
r-release-windows-ix86+x86_64 0.0.1 223.00 100.00 323.00 NOTE
r-oldrel-macos-x86_64 0.0.1 NOTE
r-oldrel-windows-ix86+x86_64 0.0.1 157.00 114.00 271.00 NOTE

Check Details

Version: 0.0.1
Check: package vignettes
Result: NOTE
    Package vignette with placeholder title 'Vignette Title':
     'quick-usage-guide-to-the-fastglm-package.Rmd'
Flavors: r-devel-linux-x86_64-debian-clang, r-devel-linux-x86_64-debian-gcc, r-devel-windows-x86_64, r-patched-linux-x86_64, r-release-linux-x86_64, r-release-windows-ix86+x86_64, r-oldrel-windows-ix86+x86_64

Version: 0.0.1
Check: installed package size
Result: NOTE
     installed size is 37.9Mb
     sub-directories of 1Mb or more:
     libs 37.7Mb
Flavors: r-devel-linux-x86_64-fedora-clang, r-release-macos-arm64, r-release-macos-x86_64, r-oldrel-macos-x86_64