CRAN Package Check Results for Package fbst

Last updated on 2021-09-20 07:50:32 CEST.

Flavor Version Tinstall Tcheck Ttotal Status Flags
r-devel-linux-x86_64-debian-clang 1.5 3.05 48.84 51.89 OK
r-devel-linux-x86_64-debian-gcc 1.5 2.36 38.81 41.17 OK
r-devel-linux-x86_64-fedora-clang 1.5 72.73 OK
r-devel-linux-x86_64-fedora-gcc 1.5 60.34 OK
r-devel-windows-x86_64 1.5 3.00 57.00 60.00 OK
r-devel-windows-x86_64-gcc10-UCRT 1.5 ERROR
r-patched-linux-x86_64 1.5 3.16 51.77 54.93 OK
r-patched-solaris-x86 1.5 116.40 OK
r-release-linux-x86_64 1.5 2.88 51.55 54.43 OK
r-release-macos-arm64 1.5 OK
r-release-macos-x86_64 1.5 OK
r-release-windows-ix86+x86_64 1.5 6.00 58.00 64.00 OK
r-oldrel-macos-x86_64 1.5 OK
r-oldrel-windows-ix86+x86_64 1.5 6.00 80.00 86.00 OK

Check Details

Version: 1.5
Check: whether package can be installed
Result: WARN
    Found the following significant warnings:
     WARNING: installation-time patches will not be applied, could not get the patches index
Flavor: r-devel-windows-x86_64-gcc10-UCRT

Version: 1.5
Check: PDF version of manual
Result: WARN
    LaTeX errors when creating PDF version.
    This typically indicates Rd problems.
Flavor: r-devel-windows-x86_64-gcc10-UCRT

Version: 1.5
Check: PDF version of manual without hyperrefs or index
Result: ERROR
    Re-running with no redirection of stdout/stderr.
Flavor: r-devel-windows-x86_64-gcc10-UCRT