CRAN Package Check Results for Package fcros

Last updated on 2021-09-27 06:48:22 CEST.

Flavor Version Tinstall Tcheck Ttotal Status Flags
r-devel-linux-x86_64-debian-clang 1.6.1 4.58 59.22 63.80 NOTE
r-devel-linux-x86_64-debian-gcc 1.6.1 3.81 44.29 48.10 NOTE
r-devel-linux-x86_64-fedora-clang 1.6.1 84.88 NOTE
r-devel-linux-x86_64-fedora-gcc 1.6.1 74.85 NOTE
r-devel-windows-x86_64 1.6.1 6.00 59.00 65.00 OK
r-devel-windows-x86_64-gcc10-UCRT 1.6.1 OK
r-patched-linux-x86_64 1.6.1 5.34 56.04 61.38 NOTE
r-patched-solaris-x86 1.6.1 107.60 NOTE
r-release-linux-x86_64 1.6.1 4.35 56.77 61.12 NOTE
r-release-macos-arm64 1.6.1 OK
r-release-macos-x86_64 1.6.1 OK
r-release-windows-ix86+x86_64 1.6.1 14.00 87.00 101.00 OK
r-oldrel-macos-x86_64 1.6.1 OK
r-oldrel-windows-ix86+x86_64 1.6.1 9.00 85.00 94.00 OK

Check Details

Version: 1.6.1
Check: for non-standard things in the check directory
Result: NOTE
    Found the following files/directories:
     'test2delete.txt' 'test2delete2_values.txt' 'test2delete_values.txt'
Flavors: r-devel-linux-x86_64-debian-clang, r-devel-linux-x86_64-debian-gcc, r-devel-linux-x86_64-fedora-clang, r-devel-linux-x86_64-fedora-gcc, r-patched-linux-x86_64, r-patched-solaris-x86, r-release-linux-x86_64