CRAN Package Check Results for Package feasts

Last updated on 2021-09-23 07:49:35 CEST.

Flavor Version Tinstall Tcheck Ttotal Status Flags
r-devel-linux-x86_64-debian-clang 0.2.2 10.49 146.21 156.70 OK
r-devel-linux-x86_64-debian-gcc 0.2.2 8.79 106.63 115.42 OK
r-devel-linux-x86_64-fedora-clang 0.2.2 201.03 NOTE
r-devel-linux-x86_64-fedora-gcc 0.2.2 178.01 NOTE
r-devel-windows-x86_64 0.2.2 12.00 135.00 147.00 OK
r-devel-windows-x86_64-gcc10-UCRT 0.2.2 ERROR
r-patched-linux-x86_64 0.2.2 11.41 138.20 149.61 OK
r-patched-solaris-x86 0.2.2 231.10 NOTE
r-release-linux-x86_64 0.2.2 7.35 139.00 146.35 OK
r-release-macos-arm64 0.2.2 NOTE
r-release-macos-x86_64 0.2.2 NOTE
r-release-windows-ix86+x86_64 0.2.2 24.00 139.00 163.00 OK
r-oldrel-macos-x86_64 0.2.2 NOTE
r-oldrel-windows-ix86+x86_64 0.2.2 14.00 142.00 156.00 OK

Check Details

Version: 0.2.2
Check: dependencies in R code
Result: NOTE
    Namespace in Imports field not imported from: ‘scales’
     All declared Imports should be used.
Flavors: r-devel-linux-x86_64-fedora-clang, r-devel-linux-x86_64-fedora-gcc, r-devel-windows-x86_64-gcc10-UCRT, r-patched-solaris-x86, r-release-macos-arm64, r-release-macos-x86_64, r-oldrel-macos-x86_64

Version: 0.2.2
Check: PDF version of manual
Result: WARN
    LaTeX errors when creating PDF version.
    This typically indicates Rd problems.
Flavor: r-devel-windows-x86_64-gcc10-UCRT

Version: 0.2.2
Check: PDF version of manual without hyperrefs or index
Result: ERROR
    Re-running with no redirection of stdout/stderr.
Flavor: r-devel-windows-x86_64-gcc10-UCRT

Version: 0.2.2
Check: package dependencies
Result: NOTE
    Package suggested but not available for checking: ‘seasonal’
Flavor: r-patched-solaris-x86