CRAN Package Check Results for Package filelock

Last updated on 2021-09-21 06:48:22 CEST.

Flavor Version Tinstall Tcheck Ttotal Status Flags
r-devel-linux-x86_64-debian-clang 1.0.2 2.93 21.30 24.23 NOTE
r-devel-linux-x86_64-debian-gcc 1.0.2 2.15 17.42 19.57 NOTE
r-devel-linux-x86_64-fedora-clang 1.0.2 38.92 NOTE
r-devel-linux-x86_64-fedora-gcc 1.0.2 28.03 NOTE
r-devel-windows-x86_64 1.0.2 11.00 29.00 40.00 NOTE
r-devel-windows-x86_64-gcc10-UCRT 1.0.2 ERROR
r-patched-linux-x86_64 1.0.2 2.71 21.26 23.97 NOTE
r-patched-solaris-x86 1.0.2 45.50 NOTE
r-release-linux-x86_64 1.0.2 2.60 21.37 23.97 NOTE
r-release-macos-arm64 1.0.2 NOTE
r-release-macos-x86_64 1.0.2 NOTE
r-release-windows-ix86+x86_64 1.0.2 20.00 35.00 55.00 NOTE
r-oldrel-macos-x86_64 1.0.2 OK
r-oldrel-windows-ix86+x86_64 1.0.2 20.00 36.00 56.00 OK

Check Details

Version: 1.0.2
Check: LazyData
Result: NOTE
     'LazyData' is specified without a 'data' directory
Flavors: r-devel-linux-x86_64-debian-clang, r-devel-linux-x86_64-debian-gcc, r-devel-linux-x86_64-fedora-clang, r-devel-linux-x86_64-fedora-gcc, r-devel-windows-x86_64, r-patched-linux-x86_64, r-patched-solaris-x86, r-release-linux-x86_64, r-release-macos-arm64, r-release-macos-x86_64, r-release-windows-ix86+x86_64

Version: 1.0.2
Check: whether package can be installed
Result: ERROR
    Installation failed.
Flavor: r-devel-windows-x86_64-gcc10-UCRT