CRAN Package Check Results for Package finch

Last updated on 2021-10-16 06:48:10 CEST.

Flavor Version Tinstall Tcheck Ttotal Status Flags
r-devel-linux-x86_64-debian-clang 0.4.0 7.20 59.53 66.73 NOTE
r-devel-linux-x86_64-debian-gcc 0.4.0 5.37 44.65 50.02 NOTE
r-devel-linux-x86_64-fedora-clang 0.4.0 88.95 NOTE
r-devel-linux-x86_64-fedora-gcc 0.4.0 74.93 NOTE
r-devel-windows-x86_64 0.4.0 16.00 72.00 88.00 NOTE
r-devel-windows-x86_64-gcc10-UCRT 0.4.0 NOTE
r-patched-linux-x86_64 0.4.0 6.57 55.81 62.38 NOTE
r-patched-solaris-x86 0.4.0 119.90 NOTE
r-release-linux-x86_64 0.4.0 7.01 55.44 62.45 NOTE
r-release-macos-arm64 0.4.0 NOTE
r-release-macos-x86_64 0.4.0 NOTE
r-release-windows-ix86+x86_64 0.4.0 19.00 91.00 110.00 NOTE
r-oldrel-macos-x86_64 0.4.0 OK
r-oldrel-windows-ix86+x86_64 0.4.0 21.00 91.00 112.00 OK

Check Details

Version: 0.4.0
Check: LazyData
Result: NOTE
     'LazyData' is specified without a 'data' directory
Flavors: r-devel-linux-x86_64-debian-clang, r-devel-linux-x86_64-debian-gcc, r-devel-linux-x86_64-fedora-clang, r-devel-linux-x86_64-fedora-gcc, r-devel-windows-x86_64, r-devel-windows-x86_64-gcc10-UCRT, r-patched-linux-x86_64, r-patched-solaris-x86, r-release-linux-x86_64, r-release-macos-arm64, r-release-macos-x86_64, r-release-windows-ix86+x86_64