CRAN Package Check Results for Package fishMod

Last updated on 2021-11-27 08:50:37 CET.

Flavor Version Tinstall Tcheck Ttotal Status Flags
r-devel-linux-x86_64-debian-clang 0.29 OK
r-devel-linux-x86_64-debian-gcc 0.29 3.49 19.80 23.29 OK
r-devel-linux-x86_64-fedora-clang 0.29 49.31 NOTE
r-devel-linux-x86_64-fedora-gcc 0.29 37.69 NOTE
r-devel-windows-x86_64-new-UL 0.29 14.00 64.00 78.00 OK
r-devel-windows-x86_64-new-TK 0.29 OK
r-devel-windows-x86_64-old 0.29 9.00 40.00 49.00 OK
r-patched-linux-x86_64 0.29 5.22 24.42 29.64 OK
r-patched-solaris-x86 0.29 56.20 OK
r-release-linux-x86_64 0.29 OK
r-release-macos-arm64 0.29 OK
r-release-macos-x86_64 0.29 OK
r-release-windows-ix86+x86_64 0.29 13.00 38.00 51.00 OK
r-oldrel-macos-x86_64 0.29 OK
r-oldrel-windows-ix86+x86_64 0.29 12.00 39.00 51.00 OK

Check Details

Version: 0.29
Check: compiled code
Result: NOTE
    File ‘fishMod/libs/fishMod.so’:
     Found no calls to: ‘R_registerRoutines’, ‘R_useDynamicSymbols’
    
    It is good practice to register native routines and to disable symbol
    search.
    
    See ‘Writing portable packages’ in the ‘Writing R Extensions’ manual.
Flavors: r-devel-linux-x86_64-fedora-clang, r-devel-linux-x86_64-fedora-gcc