CRAN Package Check Results for Package flacco

Last updated on 2021-09-23 07:49:36 CEST.

Flavor Version Tinstall Tcheck Ttotal Status Flags
r-devel-linux-x86_64-debian-clang 1.8 13.01 133.78 146.79 OK
r-devel-linux-x86_64-debian-gcc 1.8 10.59 99.07 109.66 OK
r-devel-linux-x86_64-fedora-clang 1.8 181.37 OK
r-devel-linux-x86_64-fedora-gcc 1.8 172.34 OK
r-devel-windows-x86_64 1.8 16.00 116.00 132.00 OK
r-devel-windows-x86_64-gcc10-UCRT 1.8 ERROR
r-patched-linux-x86_64 1.8 12.32 124.93 137.25 OK
r-patched-solaris-x86 1.8 234.00 OK
r-release-linux-x86_64 1.8 11.42 125.44 136.86 OK
r-release-macos-arm64 1.8 OK
r-release-macos-x86_64 1.8 OK
r-release-windows-ix86+x86_64 1.8 29.00 111.00 140.00 OK
r-oldrel-macos-x86_64 1.8 OK
r-oldrel-windows-ix86+x86_64 1.8 22.00 114.00 136.00 OK

Check Details

Version: 1.8
Check: package dependencies
Result: ERROR
    Package required but not available: 'mlr'
    
    Package suggested but not available for checking: 'devtools'
    
    See section 'The DESCRIPTION file' in the 'Writing R Extensions'
    manual.
Flavor: r-devel-windows-x86_64-gcc10-UCRT