CRAN Package Check Results for Package flexCWM

Last updated on 2021-09-21 06:48:22 CEST.

Flavor Version Tinstall Tcheck Ttotal Status Flags
r-devel-linux-x86_64-debian-clang 1.92 14.78 125.04 139.82 OK
r-devel-linux-x86_64-debian-gcc 1.92 12.56 93.18 105.74 OK
r-devel-linux-x86_64-fedora-clang 1.92 173.61 NOTE
r-devel-linux-x86_64-fedora-gcc 1.92 162.01 OK
r-devel-windows-x86_64 1.92 17.00 111.00 128.00 OK
r-devel-windows-x86_64-gcc10-UCRT 1.92 ERROR
r-patched-linux-x86_64 1.92 14.43 118.47 132.90 OK
r-patched-solaris-x86 1.92 234.60 OK
r-release-linux-x86_64 1.92 12.40 118.29 130.69 OK
r-release-macos-arm64 1.92 OK
r-release-macos-x86_64 1.92 OK
r-release-windows-ix86+x86_64 1.92 34.00 106.00 140.00 OK
r-oldrel-macos-x86_64 1.92 OK
r-oldrel-windows-ix86+x86_64 1.92 36.00 107.00 143.00 OK

Check Details

Version: 1.92
Check: Rd cross-references
Result: NOTE
    Undeclared package ‘mixture’ in Rd xrefs
Flavor: r-devel-linux-x86_64-fedora-clang

Version: 1.92
Check: whether package can be installed
Result: WARN
    Found the following significant warnings:
     WARNING: installation-time patches will not be applied, could not get the patches index
Flavor: r-devel-windows-x86_64-gcc10-UCRT

Version: 1.92
Check: PDF version of manual
Result: WARN
    LaTeX errors when creating PDF version.
    This typically indicates Rd problems.
Flavor: r-devel-windows-x86_64-gcc10-UCRT

Version: 1.92
Check: PDF version of manual without hyperrefs or index
Result: ERROR
    Re-running with no redirection of stdout/stderr.
Flavor: r-devel-windows-x86_64-gcc10-UCRT