CRAN Package Check Results for Package flexclust

Last updated on 2021-09-21 06:48:22 CEST.

Flavor Version Tinstall Tcheck Ttotal Status Flags
r-devel-linux-x86_64-debian-clang 1.4-0 14.07 85.65 99.72 OK
r-devel-linux-x86_64-debian-gcc 1.4-0 8.02 63.26 71.28 OK
r-devel-linux-x86_64-fedora-clang 1.4-0 123.76 OK
r-devel-linux-x86_64-fedora-gcc 1.4-0 112.43 OK
r-devel-windows-x86_64 1.4-0 16.00 84.00 100.00 OK
r-devel-windows-x86_64-gcc10-UCRT 1.4-0 ERROR
r-patched-linux-x86_64 1.4-0 11.52 81.69 93.21 OK
r-patched-solaris-x86 1.4-0 149.10 OK
r-release-linux-x86_64 1.4-0 11.23 81.24 92.47 OK
r-release-macos-arm64 1.4-0 OK
r-release-macos-x86_64 1.4-0 OK
r-release-windows-ix86+x86_64 1.4-0 27.00 111.00 138.00 OK
r-oldrel-macos-x86_64 1.4-0 OK
r-oldrel-windows-ix86+x86_64 1.4-0 28.00 112.00 140.00 OK

Check Details

Version: 1.4-0
Check: whether package can be installed
Result: ERROR
    Installation failed.
Flavor: r-devel-windows-x86_64-gcc10-UCRT