CRAN Package Check Results for Package flippant

Last updated on 2023-01-28 02:57:18 CET.

Flavor Version Tinstall Tcheck Ttotal Status Flags
r-devel-linux-x86_64-debian-clang 1.5.3 5.24 54.77 60.01 NOTE
r-devel-linux-x86_64-debian-gcc 1.5.3 4.91 41.10 46.01 NOTE
r-devel-linux-x86_64-fedora-clang 1.5.3 81.12 NOTE
r-devel-linux-x86_64-fedora-gcc 1.5.3 79.59 NOTE
r-devel-windows-x86_64 1.5.3 22.00 79.00 101.00 NOTE
r-patched-linux-x86_64 1.5.3 9.13 51.86 60.99 NOTE
r-release-linux-x86_64 1.5.3 6.15 54.05 60.20 NOTE
r-release-macos-arm64 1.5.3 25.00 NOTE
r-release-macos-x86_64 1.5.3 46.00 NOTE
r-release-windows-x86_64 1.5.3 20.00 78.00 98.00 NOTE
r-oldrel-macos-arm64 1.5.3 33.00 NOTE
r-oldrel-macos-x86_64 1.5.3 46.00 NOTE
r-oldrel-windows-ix86+x86_64 1.5.3 16.00 76.00 92.00 NOTE

Check Details

Version: 1.5.3
Check: LazyData
Result: NOTE
     'LazyData' is specified without a 'data' directory
Flavors: r-devel-linux-x86_64-debian-clang, r-devel-linux-x86_64-debian-gcc, r-devel-linux-x86_64-fedora-clang, r-devel-linux-x86_64-fedora-gcc, r-devel-windows-x86_64, r-patched-linux-x86_64, r-release-linux-x86_64, r-release-macos-arm64, r-release-macos-x86_64, r-release-windows-x86_64, r-oldrel-macos-arm64, r-oldrel-macos-x86_64, r-oldrel-windows-ix86+x86_64