CRAN Package Check Results for Package foolbox

Last updated on 2021-09-25 06:49:19 CEST.

Flavor Version Tinstall Tcheck Ttotal Status Flags
r-devel-linux-x86_64-debian-clang 0.1.1 3.08 62.20 65.28 NOTE
r-devel-linux-x86_64-debian-gcc 0.1.1 2.44 44.59 47.03 NOTE
r-devel-linux-x86_64-fedora-clang 0.1.1 85.67 NOTE
r-devel-linux-x86_64-fedora-gcc 0.1.1 75.50 NOTE
r-devel-windows-x86_64 0.1.1 4.00 71.00 75.00 NOTE
r-devel-windows-x86_64-gcc10-UCRT 0.1.1 NOTE
r-patched-linux-x86_64 0.1.1 2.92 59.72 62.64 NOTE
r-patched-solaris-x86 0.1.1 105.00 NOTE
r-release-linux-x86_64 0.1.1 2.67 60.04 62.71 NOTE
r-release-macos-arm64 0.1.1 NOTE
r-release-macos-x86_64 0.1.1 NOTE
r-release-windows-ix86+x86_64 0.1.1 6.00 67.00 73.00 NOTE
r-oldrel-macos-x86_64 0.1.1 OK
r-oldrel-windows-ix86+x86_64 0.1.1 31.00 65.00 96.00 OK

Check Details

Version: 0.1.1
Check: LazyData
Result: NOTE
     'LazyData' is specified without a 'data' directory
Flavors: r-devel-linux-x86_64-debian-clang, r-devel-linux-x86_64-debian-gcc, r-devel-linux-x86_64-fedora-clang, r-devel-linux-x86_64-fedora-gcc, r-devel-windows-x86_64, r-devel-windows-x86_64-gcc10-UCRT, r-patched-linux-x86_64, r-patched-solaris-x86, r-release-linux-x86_64, r-release-macos-arm64, r-release-macos-x86_64, r-release-windows-ix86+x86_64