CRAN Package Check Results for Package foreach

Last updated on 2022-07-03 00:52:29 CEST.

Flavor Version Tinstall Tcheck Ttotal Status Flags
r-devel-linux-x86_64-debian-clang 1.5.2 2.33 54.68 57.01 OK
r-devel-linux-x86_64-debian-gcc 1.5.2 2.56 41.19 43.75 OK
r-devel-linux-x86_64-fedora-clang 1.5.2 77.96 OK
r-devel-linux-x86_64-fedora-gcc 1.5.2 77.83 OK
r-devel-windows-x86_64 1.5.2 32.00 165.00 197.00 NOTE
r-patched-linux-x86_64 1.5.2 2.27 52.46 54.73 OK
r-release-linux-x86_64 1.5.2 2.68 53.38 56.06 OK
r-release-macos-arm64 1.5.2 103.00 OK
r-release-macos-x86_64 1.5.2 114.00 OK
r-release-windows-x86_64 1.5.2 20.00 172.00 192.00 NOTE
r-oldrel-macos-arm64 1.5.2 100.00 OK
r-oldrel-macos-x86_64 1.5.2 112.00 OK
r-oldrel-windows-ix86+x86_64 1.5.2 7.00 159.00 166.00 NOTE

Check Details

Version: 1.5.2
Check: package dependencies
Result: NOTE
    Package suggested but not available for checking: 'doMC'
Flavors: r-devel-windows-x86_64, r-release-windows-x86_64, r-oldrel-windows-ix86+x86_64