CRAN Package Check Results for Package foreach

Last updated on 2021-11-27 08:50:37 CET.

Flavor Version Tinstall Tcheck Ttotal Status Flags
r-devel-linux-x86_64-debian-clang 1.5.1 OK
r-devel-linux-x86_64-debian-gcc 1.5.1 2.30 38.95 41.25 OK
r-devel-linux-x86_64-fedora-clang 1.5.1 74.32 OK
r-devel-linux-x86_64-fedora-gcc 1.5.1 65.53 OK
r-devel-windows-x86_64-new-UL 1.5.1 11.00 173.00 184.00 NOTE
r-devel-windows-x86_64-new-TK 1.5.1 NOTE
r-devel-windows-x86_64-old 1.5.1 5.00 160.00 165.00 NOTE
r-patched-linux-x86_64 1.5.1 3.02 50.59 53.61 OK
r-patched-solaris-x86 1.5.1 95.70 OK
r-release-linux-x86_64 1.5.1 OK
r-release-macos-arm64 1.5.1 OK
r-release-macos-x86_64 1.5.1 OK
r-release-windows-ix86+x86_64 1.5.1 6.00 135.00 141.00 NOTE
r-oldrel-macos-x86_64 1.5.1 OK
r-oldrel-windows-ix86+x86_64 1.5.1 5.00 157.00 162.00 NOTE

Check Details

Version: 1.5.1
Check: package dependencies
Result: NOTE
    Package suggested but not available for checking: 'doMC'
Flavors: r-devel-windows-x86_64-new-UL, r-devel-windows-x86_64-new-TK, r-devel-windows-x86_64-old, r-release-windows-ix86+x86_64, r-oldrel-windows-ix86+x86_64