CRAN Package Check Results for Package forestr

Last updated on 2021-09-17 06:48:43 CEST.

Flavor Version Tinstall Tcheck Ttotal Status Flags
r-devel-linux-x86_64-debian-clang 2.0.2 4.25 38.65 42.90 OK
r-devel-linux-x86_64-debian-gcc 2.0.2 3.06 30.16 33.22 OK
r-devel-linux-x86_64-fedora-clang 2.0.2 59.74 NOTE
r-devel-linux-x86_64-fedora-gcc 2.0.2 48.48 NOTE
r-devel-windows-x86_64 2.0.2 7.00 59.00 66.00 OK
r-devel-windows-x86_64-gcc10-UCRT 2.0.2 NOTE
r-patched-linux-x86_64 2.0.2 5.26 37.06 42.32 OK
r-patched-solaris-x86 2.0.2 71.30 NOTE
r-release-linux-x86_64 2.0.2 3.23 36.54 39.77 OK
r-release-macos-arm64 2.0.2 NOTE
r-release-macos-x86_64 2.0.2 NOTE
r-release-windows-ix86+x86_64 2.0.2 8.00 41.00 49.00 OK
r-oldrel-macos-x86_64 2.0.2 NOTE
r-oldrel-windows-ix86+x86_64 2.0.2 7.00 52.00 59.00 OK

Check Details

Version: 2.0.2
Check: dependencies in R code
Result: NOTE
    Namespaces in Imports field not imported from:
     ‘tibble’ ‘viridis’
     All declared Imports should be used.
Flavors: r-devel-linux-x86_64-fedora-clang, r-devel-linux-x86_64-fedora-gcc, r-devel-windows-x86_64-gcc10-UCRT, r-patched-solaris-x86, r-release-macos-arm64, r-release-macos-x86_64, r-oldrel-macos-x86_64