Last updated on 2023-05-28 01:53:57 CEST.
Flavor | Version | Tinstall | Tcheck | Ttotal | Status | Flags |
---|---|---|---|---|---|---|
r-devel-linux-x86_64-debian-clang | 0.13.0 | 4.36 | 25.11 | 29.47 | OK | |
r-devel-linux-x86_64-debian-gcc | 0.13.0 | 3.52 | 20.10 | 23.62 | OK | |
r-devel-linux-x86_64-fedora-clang | 0.13.0 | 34.78 | OK | |||
r-devel-linux-x86_64-fedora-gcc | 0.13.0 | 35.13 | OK | |||
r-devel-windows-x86_64 | 0.13.0 | 5.00 | 42.00 | 47.00 | NOTE | |
r-patched-linux-x86_64 | 0.13.0 | 4.02 | 24.63 | 28.65 | OK | |
r-release-linux-x86_64 | 0.13.0 | 4.69 | 24.82 | 29.51 | OK | |
r-release-macos-arm64 | 0.12.0 | 19.00 | OK | |||
r-release-macos-x86_64 | 0.12.0 | 23.00 | OK | |||
r-release-windows-x86_64 | 0.13.0 | 6.00 | 42.00 | 48.00 | NOTE | |
r-oldrel-macos-arm64 | 0.12.0 | 18.00 | OK | |||
r-oldrel-macos-x86_64 | 0.13.0 | 26.00 | OK | |||
r-oldrel-windows-x86_64 | 0.13.0 | 6.00 | 45.00 | 51.00 | NOTE |
Version: 0.13.0
Check: dependencies in R code
Result: NOTE
#STDOFF 2:05:08.9
#STDOFF 8:05:43.2
#STDOFF 7:36:41.7
#STDOFF -0:25:21.1
#STDOFF 1:39:49.2
#STDOFF -0:36:44.68
#STDOFF -4:56:01.6
#STDOFF -3:58:29.2
#STDOFF -4:19:18.3
#STDOFF -5:36:13.3
#STDOFF -4:56:16.4
#STDOFF 2:05:08.9
#STDOFF 8:05:43.2
#STDOFF 7:36:41.7
#STDOFF -0:25:21.1
#STDOFF 1:39:49.2
#STDOFF -0:36:44.68
#STDOFF -4:56:01.6
#STDOFF -3:58:29.2
#STDOFF -4:19:18.3
#STDOFF -5:36:13.3
#STDOFF -4:56:16.4
Flavors: r-devel-windows-x86_64, r-release-windows-x86_64, r-oldrel-windows-x86_64