CRAN Package Check Results for Package freesurferformats

Last updated on 2021-09-21 06:48:23 CEST.

Flavor Version Tinstall Tcheck Ttotal Status Flags
r-devel-linux-x86_64-debian-clang 0.1.15 12.37 150.31 162.68 OK
r-devel-linux-x86_64-debian-gcc 0.1.15 9.58 117.14 126.72 OK
r-devel-linux-x86_64-fedora-clang 0.1.15 206.49 OK
r-devel-linux-x86_64-fedora-gcc 0.1.15 193.32 OK
r-devel-windows-x86_64 0.1.15 12.00 136.00 148.00 OK
r-devel-windows-x86_64-gcc10-UCRT 0.1.15 ERROR
r-patched-linux-x86_64 0.1.15 15.23 145.69 160.92 OK
r-patched-solaris-x86 0.1.15 281.70 OK
r-release-linux-x86_64 0.1.15 12.40 147.08 159.48 OK
r-release-macos-arm64 0.1.15 OK
r-release-macos-x86_64 0.1.15 OK
r-release-windows-ix86+x86_64 0.1.15 21.00 130.00 151.00 OK
r-oldrel-macos-x86_64 0.1.15 OK
r-oldrel-windows-ix86+x86_64 0.1.15 19.00 184.00 203.00 OK

Check Details

Version: 0.1.15
Check: whether package can be installed
Result: WARN
    Found the following significant warnings:
     WARNING: installation-time patches will not be applied, could not get the patches index
Flavor: r-devel-windows-x86_64-gcc10-UCRT

Version: 0.1.15
Check: PDF version of manual
Result: WARN
    LaTeX errors when creating PDF version.
    This typically indicates Rd problems.
Flavor: r-devel-windows-x86_64-gcc10-UCRT

Version: 0.1.15
Check: PDF version of manual without hyperrefs or index
Result: ERROR
    Re-running with no redirection of stdout/stderr.
Flavor: r-devel-windows-x86_64-gcc10-UCRT