CRAN Package Check Results for Package fromo

Last updated on 2021-09-28 06:48:24 CEST.

Flavor Version Tinstall Tcheck Ttotal Status Flags
r-devel-linux-x86_64-debian-clang 0.2.1 440.33 53.51 493.84 OK
r-devel-linux-x86_64-debian-gcc 0.2.1 247.01 45.46 292.47 OK
r-devel-linux-x86_64-fedora-clang 0.2.1 710.07 NOTE
r-devel-linux-x86_64-fedora-gcc 0.2.1 500.63 OK
r-devel-windows-x86_64 0.2.1 280.00 83.00 363.00 OK
r-devel-windows-x86_64-gcc10-UCRT 0.2.1 OK
r-patched-linux-x86_64 0.2.1 263.30 54.29 317.59 OK
r-patched-solaris-x86 0.2.1 381.40 OK
r-release-linux-x86_64 0.2.1 267.14 54.83 321.97 OK
r-release-macos-arm64 0.2.1 NOTE
r-release-macos-x86_64 0.2.1 NOTE
r-release-windows-ix86+x86_64 0.2.1 655.00 112.00 767.00 NOTE
r-oldrel-macos-x86_64 0.2.1 NOTE
r-oldrel-windows-ix86+x86_64 0.2.1 554.00 111.00 665.00 NOTE

Check Details

Version: 0.2.1
Check: installed package size
Result: NOTE
     installed size is 47.6Mb
     sub-directories of 1Mb or more:
     libs 47.1Mb
Flavors: r-devel-linux-x86_64-fedora-clang, r-release-macos-arm64, r-release-macos-x86_64, r-release-windows-ix86+x86_64, r-oldrel-macos-x86_64, r-oldrel-windows-ix86+x86_64