CRAN Package Check Results for Package fruclimadapt

Last updated on 2021-09-25 06:49:19 CEST.

Flavor Version Tinstall Tcheck Ttotal Status Flags
r-devel-linux-x86_64-debian-clang 0.4.4 11.93 129.85 141.78 OK
r-devel-linux-x86_64-debian-gcc 0.4.4 9.81 95.00 104.81 OK
r-devel-linux-x86_64-fedora-clang 0.4.4 190.94 NOTE
r-devel-linux-x86_64-fedora-gcc 0.4.4 171.37 OK
r-devel-windows-x86_64 0.4.4 13.00 212.00 225.00 OK
r-devel-windows-x86_64-gcc10-UCRT 0.4.4 OK
r-patched-linux-x86_64 0.4.4 12.44 102.93 115.37 OK
r-patched-solaris-x86 0.4.4 197.20 OK
r-release-linux-x86_64 0.4.4 11.40 103.54 114.94 OK
r-release-macos-arm64 0.4.4 OK
r-release-macos-x86_64 0.4.4 OK
r-release-windows-ix86+x86_64 0.4.4 27.00 107.00 134.00 OK
r-oldrel-macos-x86_64 0.4.4 OK
r-oldrel-windows-ix86+x86_64 0.4.4 22.00 106.00 128.00 OK

Check Details

Version: 0.4.4
Check: Rd cross-references
Result: NOTE
    Undeclared package ‘chillR’ in Rd xrefs
Flavor: r-devel-linux-x86_64-fedora-clang