CRAN Package Check Results for Package fsbrain

Last updated on 2021-10-22 12:59:14 CEST.

Flavor Version Tinstall Tcheck Ttotal Status Flags
r-devel-linux-x86_64-debian-clang 0.5.0 18.81 153.74 172.55 OK
r-devel-linux-x86_64-debian-gcc 0.5.0 16.36 115.66 132.02 OK
r-devel-linux-x86_64-fedora-clang 0.5.0 221.67 OK
r-devel-linux-x86_64-fedora-gcc 0.5.0 207.34 OK
r-devel-windows-x86_64 0.5.0 35.00 206.00 241.00 OK
r-devel-windows-x86_64-gcc10-UCRT 0.5.0 NOTE
r-patched-linux-x86_64 0.5.0 29.85 146.02 175.87 OK
r-patched-solaris-x86 0.5.0 251.70 OK
r-release-linux-x86_64 0.5.0 15.83 146.54 162.37 OK
r-release-macos-arm64 0.5.0 OK
r-release-macos-x86_64 0.5.0 OK
r-release-windows-ix86+x86_64 0.5.0 28.00 206.00 234.00 OK
r-oldrel-macos-x86_64 0.5.0 OK
r-oldrel-windows-ix86+x86_64 0.5.0 42.00 202.00 244.00 OK

Check Details

Version: 0.5.0
Check: package dependencies
Result: NOTE
    Package suggested but not available for checking: 'igraph'
Flavor: r-devel-windows-x86_64-gcc10-UCRT