CRAN Package Check Results for Package funnelR

Last updated on 2021-09-24 06:48:27 CEST.

Flavor Version Tinstall Tcheck Ttotal Status Flags
r-devel-linux-x86_64-debian-clang 0.1.0 3.86 52.39 56.25 NOTE
r-devel-linux-x86_64-debian-gcc 0.1.0 2.94 39.02 41.96 NOTE
r-devel-linux-x86_64-fedora-clang 0.1.0 76.31 NOTE
r-devel-linux-x86_64-fedora-gcc 0.1.0 63.27 NOTE
r-devel-windows-x86_64 0.1.0 6.00 57.00 63.00 NOTE
r-devel-windows-x86_64-gcc10-UCRT 0.1.0 NOTE
r-patched-linux-x86_64 0.1.0 3.76 47.30 51.06 NOTE
r-patched-solaris-x86 0.1.0 88.60 NOTE
r-release-linux-x86_64 0.1.0 3.60 47.66 51.26 NOTE
r-release-macos-arm64 0.1.0 NOTE
r-release-macos-x86_64 0.1.0 NOTE
r-release-windows-ix86+x86_64 0.1.0 12.00 52.00 64.00 NOTE
r-oldrel-macos-x86_64 0.1.0 OK
r-oldrel-windows-ix86+x86_64 0.1.0 9.00 54.00 63.00 OK

Check Details

Version: 0.1.0
Check: LazyData
Result: NOTE
     'LazyData' is specified without a 'data' directory
Flavors: r-devel-linux-x86_64-debian-clang, r-devel-linux-x86_64-debian-gcc, r-devel-linux-x86_64-fedora-clang, r-devel-linux-x86_64-fedora-gcc, r-devel-windows-x86_64, r-devel-windows-x86_64-gcc10-UCRT, r-patched-linux-x86_64, r-patched-solaris-x86, r-release-linux-x86_64, r-release-macos-arm64, r-release-macos-x86_64, r-release-windows-ix86+x86_64