CRAN Package Check Results for Package funtimes

Last updated on 2021-09-21 06:48:23 CEST.

Flavor Version Tinstall Tcheck Ttotal Status Flags
r-devel-linux-x86_64-debian-clang 8.1 7.24 174.37 181.61 OK
r-devel-linux-x86_64-debian-gcc 8.1 5.04 112.99 118.03 OK
r-devel-linux-x86_64-fedora-clang 8.1 205.06 OK
r-devel-linux-x86_64-fedora-gcc 8.1 200.93 OK
r-devel-windows-x86_64 8.1 7.00 143.00 150.00 OK
r-devel-windows-x86_64-gcc10-UCRT 8.1 ERROR
r-patched-linux-x86_64 8.1 7.33 160.89 168.22 OK
r-patched-solaris-x86 8.1 98.40 OK
r-release-linux-x86_64 8.1 6.20 160.52 166.72 OK
r-release-macos-arm64 8.1 OK
r-release-macos-x86_64 8.1 OK
r-release-windows-ix86+x86_64 8.1 13.00 140.00 153.00 OK
r-oldrel-macos-x86_64 8.1 OK
r-oldrel-windows-ix86+x86_64 8.1 13.00 203.00 216.00 OK

Check Details

Version: 8.1
Check: whether package can be installed
Result: WARN
    Found the following significant warnings:
     WARNING: installation-time patches will not be applied, could not get the patches index
Flavor: r-devel-windows-x86_64-gcc10-UCRT

Version: 8.1
Check: PDF version of manual
Result: WARN
    LaTeX errors when creating PDF version.
    This typically indicates Rd problems.
Flavor: r-devel-windows-x86_64-gcc10-UCRT

Version: 8.1
Check: PDF version of manual without hyperrefs or index
Result: ERROR
    Re-running with no redirection of stdout/stderr.
Flavor: r-devel-windows-x86_64-gcc10-UCRT