CRAN Package Check Results for Package futile.options

Last updated on 2021-09-19 06:48:59 CEST.

Flavor Version Tinstall Tcheck Ttotal Status Flags
r-devel-linux-x86_64-debian-clang 1.0.1 1.69 20.11 21.80 OK
r-devel-linux-x86_64-debian-gcc 1.0.1 1.37 16.21 17.58 OK
r-devel-linux-x86_64-fedora-clang 1.0.1 35.39 OK
r-devel-linux-x86_64-fedora-gcc 1.0.1 25.02 OK
r-devel-windows-x86_64 1.0.1 4.00 32.00 36.00 OK
r-devel-windows-x86_64-gcc10-UCRT 1.0.1 ERROR
r-patched-linux-x86_64 1.0.1 1.57 19.65 21.22 OK
r-patched-solaris-x86 1.0.1 39.10 OK
r-release-linux-x86_64 1.0.1 1.71 19.45 21.16 OK
r-release-macos-arm64 1.0.1 OK
r-release-macos-x86_64 1.0.1 OK
r-release-windows-ix86+x86_64 1.0.1 5.00 22.00 27.00 OK
r-oldrel-macos-x86_64 1.0.1 OK
r-oldrel-windows-ix86+x86_64 1.0.1 4.00 26.00 30.00 OK

Check Details

Version: 1.0.1
Check: whether package can be installed
Result: WARN
    Found the following significant warnings:
     WARNING: installation-time patches will not be applied, could not get the patches index
Flavor: r-devel-windows-x86_64-gcc10-UCRT

Version: 1.0.1
Check: PDF version of manual
Result: WARN
    LaTeX errors when creating PDF version.
    This typically indicates Rd problems.
Flavor: r-devel-windows-x86_64-gcc10-UCRT

Version: 1.0.1
Check: PDF version of manual without hyperrefs or index
Result: ERROR
    Re-running with no redirection of stdout/stderr.
Flavor: r-devel-windows-x86_64-gcc10-UCRT