Last updated on 2023-05-28 01:53:57 CEST.
Flavor | Version | Tinstall | Tcheck | Ttotal | Status | Flags |
---|---|---|---|---|---|---|
r-devel-linux-x86_64-debian-clang | 1.7 | 3.55 | 32.35 | 35.90 | OK | |
r-devel-linux-x86_64-debian-gcc | 1.7 | 3.15 | 24.89 | 28.04 | OK | |
r-devel-linux-x86_64-fedora-clang | 1.7 | 46.38 | NOTE | |||
r-devel-linux-x86_64-fedora-gcc | 1.7 | 43.37 | OK | |||
r-devel-windows-x86_64 | 1.7 | 4.00 | 44.00 | 48.00 | OK | |
r-patched-linux-x86_64 | 1.7 | 3.39 | 31.04 | 34.43 | OK | |
r-release-linux-x86_64 | 1.7 | 3.77 | 31.06 | 34.83 | OK | |
r-release-macos-arm64 | 1.7 | 19.00 | OK | |||
r-release-macos-x86_64 | 1.7 | 26.00 | OK | |||
r-release-windows-x86_64 | 1.7 | 4.00 | 50.00 | 54.00 | OK | |
r-oldrel-macos-arm64 | 1.7 | 20.00 | OK | |||
r-oldrel-macos-x86_64 | 1.7 | 23.00 | OK | |||
r-oldrel-windows-x86_64 | 1.7 | 14.00 | 51.00 | 65.00 | OK |
Version: 1.7
Check: Rd cross-references
Result: NOTE
Undeclared package ‘cffdrs’ in Rd xrefs
Flavor: r-devel-linux-x86_64-fedora-clang