CRAN Package Check Results for Package gSEM

Last updated on 2021-09-21 06:48:26 CEST.

Flavor Version Tinstall Tcheck Ttotal Status Flags
r-devel-linux-x86_64-debian-clang 0.4.3.4 4.88 45.81 50.69 OK
r-devel-linux-x86_64-debian-gcc 0.4.3.4 4.16 34.88 39.04 OK
r-devel-linux-x86_64-fedora-clang 0.4.3.4 69.07 OK
r-devel-linux-x86_64-fedora-gcc 0.4.3.4 58.05 OK
r-devel-windows-x86_64 0.4.3.4 6.00 47.00 53.00 OK
r-devel-windows-x86_64-gcc10-UCRT 0.4.3.4 ERROR
r-patched-linux-x86_64 0.4.3.4 3.07 44.61 47.68 OK
r-patched-solaris-x86 0.4.3.4 83.00 OK
r-release-linux-x86_64 0.4.3.4 4.92 44.03 48.95 OK
r-release-macos-arm64 0.4.3.4 OK
r-release-macos-x86_64 0.4.3.4 OK
r-release-windows-ix86+x86_64 0.4.3.4 10.00 45.00 55.00 OK
r-oldrel-macos-x86_64 0.4.3.4 OK
r-oldrel-windows-ix86+x86_64 0.4.3.4 10.00 64.00 74.00 OK

Check Details

Version: 0.4.3.4
Check: whether package can be installed
Result: WARN
    Found the following significant warnings:
     WARNING: installation-time patches will not be applied, could not get the patches index
Flavor: r-devel-windows-x86_64-gcc10-UCRT

Version: 0.4.3.4
Check: PDF version of manual
Result: WARN
    LaTeX errors when creating PDF version.
    This typically indicates Rd problems.
Flavor: r-devel-windows-x86_64-gcc10-UCRT

Version: 0.4.3.4
Check: PDF version of manual without hyperrefs or index
Result: ERROR
    Re-running with no redirection of stdout/stderr.
Flavor: r-devel-windows-x86_64-gcc10-UCRT