CRAN Package Check Results for Package gamlss.data

Last updated on 2021-09-22 06:48:26 CEST.

Flavor Version Tinstall Tcheck Ttotal Status Flags
r-devel-linux-x86_64-debian-clang 6.0-1 3.09 28.13 31.22 OK
r-devel-linux-x86_64-debian-gcc 6.0-1 2.08 22.57 24.65 OK
r-devel-linux-x86_64-fedora-clang 6.0-1 48.00 OK
r-devel-linux-x86_64-fedora-gcc 6.0-1 36.54 OK
r-devel-windows-x86_64 6.0-1 6.00 36.00 42.00 OK
r-devel-windows-x86_64-gcc10-UCRT 6.0-1 ERROR
r-patched-linux-x86_64 6.0-1 3.73 27.39 31.12 OK
r-patched-solaris-x86 6.0-1 52.70 OK
r-release-linux-x86_64 6.0-1 3.02 27.27 30.29 OK
r-release-macos-arm64 6.0-1 OK
r-release-macos-x86_64 6.0-1 OK
r-release-windows-ix86+x86_64 6.0-1 6.00 33.00 39.00 OK
r-oldrel-macos-x86_64 6.0-1 OK
r-oldrel-windows-ix86+x86_64 6.0-1 5.00 39.00 44.00 OK

Check Details

Version: 6.0-1
Check: PDF version of manual
Result: WARN
    LaTeX errors when creating PDF version.
    This typically indicates Rd problems.
Flavor: r-devel-windows-x86_64-gcc10-UCRT

Version: 6.0-1
Check: PDF version of manual without hyperrefs or index
Result: ERROR
    Re-running with no redirection of stdout/stderr.
Flavor: r-devel-windows-x86_64-gcc10-UCRT