CRAN Package Check Results for Package gamlss.tr

Last updated on 2021-09-20 07:50:33 CEST.

Flavor Version Tinstall Tcheck Ttotal Status Flags
r-devel-linux-x86_64-debian-clang 5.1-7 10.28 71.38 81.66 OK
r-devel-linux-x86_64-debian-gcc 5.1-7 6.83 54.45 61.28 OK
r-devel-linux-x86_64-fedora-clang 5.1-7 104.04 OK
r-devel-linux-x86_64-fedora-gcc 5.1-7 93.36 OK
r-devel-windows-x86_64 5.1-7 10.00 69.00 79.00 OK
r-devel-windows-x86_64-gcc10-UCRT 5.1-7 ERROR
r-patched-linux-x86_64 5.1-7 9.57 70.73 80.30 OK
r-patched-solaris-x86 5.1-7 134.60 OK
r-release-linux-x86_64 5.1-7 7.15 68.50 75.65 OK
r-release-macos-arm64 5.1-7 OK
r-release-macos-x86_64 5.1-7 OK
r-release-windows-ix86+x86_64 5.1-7 18.00 67.00 85.00 OK
r-oldrel-macos-x86_64 5.1-7 OK
r-oldrel-windows-ix86+x86_64 5.1-7 19.00 69.00 88.00 OK

Check Details

Version: 5.1-7
Check: whether package can be installed
Result: WARN
    Found the following significant warnings:
     WARNING: installation-time patches will not be applied, could not get the patches index
Flavor: r-devel-windows-x86_64-gcc10-UCRT

Version: 5.1-7
Check: PDF version of manual
Result: WARN
    LaTeX errors when creating PDF version.
    This typically indicates Rd problems.
Flavor: r-devel-windows-x86_64-gcc10-UCRT

Version: 5.1-7
Check: PDF version of manual without hyperrefs or index
Result: ERROR
    Re-running with no redirection of stdout/stderr.
Flavor: r-devel-windows-x86_64-gcc10-UCRT