CRAN Package Check Results for Package gapminder

Last updated on 2021-09-20 07:50:34 CEST.

Flavor Version Tinstall Tcheck Ttotal Status Flags
r-devel-linux-x86_64-debian-clang 0.3.0 3.34 34.57 37.91 OK
r-devel-linux-x86_64-debian-gcc 0.3.0 2.48 26.29 28.77 OK
r-devel-linux-x86_64-fedora-clang 0.3.0 52.99 OK
r-devel-linux-x86_64-fedora-gcc 0.3.0 42.17 OK
r-devel-windows-x86_64 0.3.0 5.00 38.00 43.00 OK
r-devel-windows-x86_64-gcc10-UCRT 0.3.0 ERROR
r-patched-linux-x86_64 0.3.0 2.90 32.77 35.67 OK
r-patched-solaris-x86 0.3.0 63.70 OK
r-release-linux-x86_64 0.3.0 3.15 32.52 35.67 OK
r-release-macos-arm64 0.3.0 OK
r-release-macos-x86_64 0.3.0 OK
r-release-windows-ix86+x86_64 0.3.0 8.00 35.00 43.00 OK
r-oldrel-macos-x86_64 0.3.0 OK
r-oldrel-windows-ix86+x86_64 0.3.0 7.00 38.00 45.00 OK

Check Details

Version: 0.3.0
Check: whether package can be installed
Result: WARN
    Found the following significant warnings:
     WARNING: installation-time patches will not be applied, could not get the patches index
Flavor: r-devel-windows-x86_64-gcc10-UCRT

Version: 0.3.0
Check: PDF version of manual
Result: WARN
    LaTeX errors when creating PDF version.
    This typically indicates Rd problems.
Flavor: r-devel-windows-x86_64-gcc10-UCRT

Version: 0.3.0
Check: PDF version of manual without hyperrefs or index
Result: ERROR
    Re-running with no redirection of stdout/stderr.
Flavor: r-devel-windows-x86_64-gcc10-UCRT