CRAN Package Check Results for Package garchx

Last updated on 2021-09-22 06:48:27 CEST.

Flavor Version Tinstall Tcheck Ttotal Status Flags
r-devel-linux-x86_64-debian-clang 1.3 4.85 31.84 36.69 OK
r-devel-linux-x86_64-debian-gcc 1.3 3.45 24.41 27.86 OK
r-devel-linux-x86_64-fedora-clang 1.3 52.08 OK
r-devel-linux-x86_64-fedora-gcc 1.3 41.65 OK
r-devel-windows-x86_64 1.3 6.00 37.00 43.00 OK
r-devel-windows-x86_64-gcc10-UCRT 1.3 ERROR
r-patched-linux-x86_64 1.3 5.57 30.60 36.17 OK
r-patched-solaris-x86 1.3 58.40 OK
r-release-linux-x86_64 1.3 4.33 30.40 34.73 OK
r-release-macos-arm64 1.3 OK
r-release-macos-x86_64 1.3 OK
r-release-windows-ix86+x86_64 1.3 11.00 47.00 58.00 OK
r-oldrel-macos-x86_64 1.3 OK
r-oldrel-windows-ix86+x86_64 1.3 10.00 44.00 54.00 OK

Check Details

Version: 1.3
Check: whether package can be installed
Result: ERROR
    Installation failed.
Flavor: r-devel-windows-x86_64-gcc10-UCRT