CRAN Package Check Results for Package garma

Last updated on 2021-09-22 06:48:27 CEST.

Flavor Version Tinstall Tcheck Ttotal Status Flags
r-devel-linux-x86_64-debian-clang 0.9.8 10.96 142.43 153.39 OK
r-devel-linux-x86_64-debian-gcc 0.9.8 8.61 105.29 113.90 OK
r-devel-linux-x86_64-fedora-clang 0.9.8 183.56 OK
r-devel-linux-x86_64-fedora-gcc 0.9.8 172.65 OK
r-devel-windows-x86_64 0.9.8 13.00 121.00 134.00 OK
r-devel-windows-x86_64-gcc10-UCRT 0.9.8 ERROR
r-patched-linux-x86_64 0.9.8 9.55 133.13 142.68 OK
r-patched-solaris-x86 0.9.8 230.60 OK
r-release-linux-x86_64 0.9.8 10.54 132.39 142.93 OK
r-release-macos-arm64 0.9.8 OK
r-release-macos-x86_64 0.9.8 OK
r-release-windows-ix86+x86_64 0.9.8 26.00 126.00 152.00 OK
r-oldrel-macos-x86_64 0.9.8 OK
r-oldrel-windows-ix86+x86_64 0.9.8 27.00 186.00 213.00 OK

Check Details

Version: 0.9.8
Check: package dependencies
Result: NOTE
    Package suggested but not available for checking: 'tidyverse'
Flavor: r-devel-windows-x86_64-gcc10-UCRT

Version: 0.9.8
Check: PDF version of manual
Result: WARN
    LaTeX errors when creating PDF version.
    This typically indicates Rd problems.
Flavor: r-devel-windows-x86_64-gcc10-UCRT

Version: 0.9.8
Check: PDF version of manual without hyperrefs or index
Result: ERROR
    Re-running with no redirection of stdout/stderr.
Flavor: r-devel-windows-x86_64-gcc10-UCRT