CRAN Package Check Results for Package gde

Last updated on 2021-09-20 07:50:34 CEST.

Flavor Version Tinstall Tcheck Ttotal Status Flags
r-devel-linux-x86_64-debian-clang 0.1.4 10.49 87.45 97.94 OK
r-devel-linux-x86_64-debian-gcc 0.1.4 8.85 64.42 73.27 OK
r-devel-linux-x86_64-fedora-clang 0.1.4 126.08 OK
r-devel-linux-x86_64-fedora-gcc 0.1.4 110.04 OK
r-devel-windows-x86_64 0.1.4 12.00 85.00 97.00 OK
r-devel-windows-x86_64-gcc10-UCRT 0.1.4 ERROR
r-patched-linux-x86_64 0.1.4 10.11 81.27 91.38 OK
r-patched-solaris-x86 0.1.4 168.00 OK
r-release-linux-x86_64 0.1.4 9.66 81.78 91.44 OK
r-release-macos-arm64 0.1.4 OK
r-release-macos-x86_64 0.1.4 OK
r-release-windows-ix86+x86_64 0.1.4 25.00 83.00 108.00 OK
r-oldrel-macos-x86_64 0.1.4 OK
r-oldrel-windows-ix86+x86_64 0.1.4 29.00 76.00 105.00 OK

Check Details

Version: 0.1.4
Check: package dependencies
Result: ERROR
    Package required but not available: 'XML'
    
    See section 'The DESCRIPTION file' in the 'Writing R Extensions'
    manual.
Flavor: r-devel-windows-x86_64-gcc10-UCRT