CRAN Package Check Results for Package geodetector

Last updated on 2022-01-18 07:52:26 CET.

Flavor Version Tinstall Tcheck Ttotal Status Flags
r-devel-linux-x86_64-debian-clang 1.0-4 4.26 49.97 54.23 OK
r-devel-linux-x86_64-debian-gcc 1.0-4 3.39 38.96 42.35 OK
r-devel-linux-x86_64-fedora-clang 1.0-4 67.23 NOTE
r-devel-linux-x86_64-fedora-gcc 1.0-4 55.09 NOTE
r-devel-windows-x86_64-new-UL 1.0-4 39.00 75.00 114.00 OK
r-devel-windows-x86_64-new-TK 1.0-4 NOTE
r-patched-linux-x86_64 1.0-4 3.74 47.64 51.38 OK
r-release-linux-x86_64 1.0-4 OK
r-release-macos-arm64 1.0-4 NOTE
r-release-macos-x86_64 1.0-4 NOTE
r-release-windows-ix86+x86_64 1.0-4 9.00 62.00 71.00 OK
r-oldrel-macos-x86_64 1.0-4 NOTE
r-oldrel-windows-ix86+x86_64 1.0-4 9.00 61.00 70.00 OK

Check Details

Version: 1.0-4
Check: dependencies in R code
Result: NOTE
    Namespaces in Imports field not imported from:
     ‘maptools’ ‘rgdal’ ‘rgeos’
     All declared Imports should be used.
Flavors: r-devel-linux-x86_64-fedora-clang, r-devel-linux-x86_64-fedora-gcc, r-devel-windows-x86_64-new-TK, r-release-macos-arm64, r-release-macos-x86_64, r-oldrel-macos-x86_64