Last updated on 2023-01-28 02:57:19 CET.
Flavor | Version | Tinstall | Tcheck | Ttotal | Status | Flags |
---|---|---|---|---|---|---|
r-devel-linux-x86_64-debian-clang | 1.0.0 | 7.32 | 252.76 | 260.08 | OK | |
r-devel-linux-x86_64-debian-gcc | 1.0.0 | 5.57 | 191.22 | 196.79 | OK | |
r-devel-linux-x86_64-fedora-clang | 1.0.0 | 317.76 | NOTE | |||
r-devel-linux-x86_64-fedora-gcc | 1.0.0 | 323.72 | NOTE | |||
r-devel-windows-x86_64 | 1.0.0 | 61.00 | 358.00 | 419.00 | OK | |
r-patched-linux-x86_64 | 1.0.0 | 8.05 | 244.59 | 252.64 | OK | |
r-release-linux-x86_64 | 1.0.0 | 7.33 | 245.03 | 252.36 | OK | |
r-release-macos-arm64 | 1.0.0 | 79.00 | NOTE | |||
r-release-macos-x86_64 | 1.0.0 | 182.00 | NOTE | |||
r-release-windows-x86_64 | 1.0.0 | 48.00 | 368.00 | 416.00 | OK | |
r-oldrel-macos-arm64 | 1.0.0 | 78.00 | NOTE | |||
r-oldrel-macos-x86_64 | 1.0.0 | 92.00 | NOTE | |||
r-oldrel-windows-ix86+x86_64 | 1.0.0 | 14.00 | 365.00 | 379.00 | OK |
Version: 1.0.0
Check: dependencies in R code
Result: NOTE
Namespaces in Imports field not imported from:
‘pander’ ‘readr’ ‘tidyr’
All declared Imports should be used.
Flavors: r-devel-linux-x86_64-fedora-clang, r-devel-linux-x86_64-fedora-gcc, r-release-macos-arm64, r-release-macos-x86_64, r-oldrel-macos-arm64, r-oldrel-macos-x86_64
Version: 1.0.0
Check: data for non-ASCII characters
Result: NOTE
Note: found 80 marked UTF-8 strings
Flavors: r-devel-linux-x86_64-fedora-clang, r-devel-linux-x86_64-fedora-gcc, r-release-macos-arm64, r-release-macos-x86_64, r-oldrel-macos-arm64, r-oldrel-macos-x86_64