CRAN Package Check Results for Package geogrid

Last updated on 2021-09-19 06:49:00 CEST.

Flavor Version Tinstall Tcheck Ttotal Status Flags
r-devel-linux-x86_64-debian-clang 0.1.1 35.44 87.75 123.19 NOTE
r-devel-linux-x86_64-debian-gcc 0.1.1 21.92 67.68 89.60 NOTE
r-devel-linux-x86_64-fedora-clang 0.1.1 164.84 NOTE
r-devel-linux-x86_64-fedora-gcc 0.1.1 146.97 NOTE
r-devel-windows-x86_64 0.1.1 37.00 115.00 152.00 NOTE
r-devel-windows-x86_64-gcc10-UCRT 0.1.1 ERROR
r-patched-linux-x86_64 0.1.1 25.75 85.15 110.90 NOTE
r-patched-solaris-x86 0.1.1 192.10 NOTE
r-release-linux-x86_64 0.1.1 26.65 84.72 111.37 NOTE
r-release-macos-arm64 0.1.1 NOTE
r-release-macos-x86_64 0.1.1 NOTE
r-release-windows-ix86+x86_64 0.1.1 80.00 129.00 209.00 NOTE
r-oldrel-macos-x86_64 0.1.1 OK
r-oldrel-windows-ix86+x86_64 0.1.1 80.00 137.00 217.00 NOTE

Check Details

Version: 0.1.1
Check: LazyData
Result: NOTE
     'LazyData' is specified without a 'data' directory
Flavors: r-devel-linux-x86_64-debian-clang, r-devel-linux-x86_64-debian-gcc, r-devel-linux-x86_64-fedora-clang, r-devel-linux-x86_64-fedora-gcc, r-devel-windows-x86_64, r-patched-linux-x86_64, r-patched-solaris-x86, r-release-linux-x86_64, r-release-macos-arm64, r-release-macos-x86_64, r-release-windows-ix86+x86_64

Version: 0.1.1
Check: whether package can be installed
Result: ERROR
    Installation failed.
Flavor: r-devel-windows-x86_64-gcc10-UCRT

Version: 0.1.1
Check: installed package size
Result: NOTE
     installed size is 5.2Mb
     sub-directories of 1Mb or more:
     extdata 3.1Mb
     libs 2.0Mb
Flavors: r-release-windows-ix86+x86_64, r-oldrel-windows-ix86+x86_64