CRAN Package Check Results for Package geomander

Last updated on 2021-09-22 06:48:27 CEST.

Flavor Version Tinstall Tcheck Ttotal Status Flags
r-devel-linux-x86_64-debian-clang 1.0.8 80.51 230.59 311.10 OK
r-devel-linux-x86_64-debian-gcc 1.0.8 53.94 169.68 223.62 OK
r-devel-linux-x86_64-fedora-clang 1.0.8 411.93 OK
r-devel-linux-x86_64-fedora-gcc 1.0.8 305.00 OK
r-devel-windows-x86_64 1.0.8 73.00 225.00 298.00 OK
r-devel-windows-x86_64-gcc10-UCRT 1.0.8 ERROR
r-patched-linux-x86_64 1.0.8 61.68 223.84 285.52 OK
r-patched-solaris-x86 1.0.8 426.50 OK
r-release-linux-x86_64 1.0.8 51.96 220.75 272.71 OK
r-release-macos-arm64 1.0.8 OK
r-release-macos-x86_64 1.0.8 OK
r-release-windows-ix86+x86_64 1.0.8 189.00 308.00 497.00 OK
r-oldrel-macos-x86_64 1.0.8 OK
r-oldrel-windows-ix86+x86_64 1.0.8 193.00 365.00 558.00 OK

Check Details

Version: 1.0.8
Check: package dependencies
Result: ERROR
    Packages required but not available:
     'nngeo', 'sf', 'tidycensus', 'tigris', 'spdep'
    
    Package suggested but not available for checking: 'redist'
    
    See section 'The DESCRIPTION file' in the 'Writing R Extensions'
    manual.
Flavor: r-devel-windows-x86_64-gcc10-UCRT