CRAN Package Check Results for Package getMet

Last updated on 2021-09-27 06:48:24 CEST.

Flavor Version Tinstall Tcheck Ttotal Status Flags
r-devel-linux-x86_64-debian-clang 0.3.2 3.15 34.46 37.61 NOTE
r-devel-linux-x86_64-debian-gcc 0.3.2 2.66 25.42 28.08 NOTE
r-devel-linux-x86_64-fedora-clang 0.3.2 53.58 NOTE
r-devel-linux-x86_64-fedora-gcc 0.3.2 42.18 NOTE
r-devel-windows-x86_64 0.3.2 4.00 39.00 43.00 NOTE
r-devel-windows-x86_64-gcc10-UCRT 0.3.2 NOTE
r-patched-linux-x86_64 0.3.2 3.88 31.56 35.44 NOTE
r-patched-solaris-x86 0.3.2 67.90 NOTE
r-release-linux-x86_64 0.3.2 3.69 31.66 35.35 NOTE
r-release-macos-arm64 0.3.2 NOTE
r-release-macos-x86_64 0.3.2 NOTE
r-release-windows-ix86+x86_64 0.3.2 7.00 38.00 45.00 NOTE
r-oldrel-macos-x86_64 0.3.2 OK
r-oldrel-windows-ix86+x86_64 0.3.2 7.00 34.00 41.00 OK

Check Details

Version: 0.3.2
Check: LazyData
Result: NOTE
     'LazyData' is specified without a 'data' directory
Flavors: r-devel-linux-x86_64-debian-clang, r-devel-linux-x86_64-debian-gcc, r-devel-linux-x86_64-fedora-clang, r-devel-linux-x86_64-fedora-gcc, r-devel-windows-x86_64, r-devel-windows-x86_64-gcc10-UCRT, r-patched-linux-x86_64, r-patched-solaris-x86, r-release-linux-x86_64, r-release-macos-arm64, r-release-macos-x86_64, r-release-windows-ix86+x86_64